{"id":1204,"date":"2026-03-05T09:01:54","date_gmt":"2026-03-05T08:01:54","guid":{"rendered":"https:\/\/www.agricamper.com\/produit\/landvergnugen\/"},"modified":"2026-04-29T14:16:18","modified_gmt":"2026-04-29T12:16:18","slug":"landvergnuegen-guide-des-etapes-en-camping-car-en-allemagne-autriche-suisse","status":"publish","type":"product","link":"https:\/\/www.agricamper.com\/fr\/produit\/landvergnuegen-guide-des-etapes-en-camping-car-en-allemagne-autriche-suisse\/","title":{"rendered":"Landvergn\u00fcgen \u2013 Guide des \u00e9tapes en camping-car en Allemagne, Autriche, Suisse"},"content":{"rendered":"<p>&nbsp;<\/p>\n<ul>\n<li>Acc\u00e8s \u00e0 plus de 2 100 adresses \u00e0 la campagne et plus de 4 900 \u00e9tapes \u00e0 la ferme en Allemagne, Autriche et Suisse.<\/li>\n<li>Con\u00e7u pour camping-cars, vans am\u00e9nag\u00e9s, caravanes autonomes et tentes de toit en qu\u00eate de haltes authentiques \u00e0 la campagne.<\/li>\n<\/ul>\n","protected":false},"excerpt":{"rendered":"<p>&nbsp; Acc\u00e8s \u00e0 plus de 2 100 adresses \u00e0 la campagne et plus de 4 900 \u00e9tapes \u00e0 la ferme en Allemagne, Autriche et Suisse. Con\u00e7u pour camping-cars, vans am\u00e9nag\u00e9s, caravanes autonomes et tentes de toit en qu\u00eate de haltes authentiques \u00e0 la campagne.<\/p>\n","protected":false},"featured_media":788,"template":"","meta":{"_acf_changed":false},"product_brand":[],"product_cat":[286],"product_tag":[],"class_list":{"0":"post-1204","1":"product","2":"type-product","3":"status-publish","4":"has-post-thumbnail","6":"product_cat-guide-soste-europa-fefi","8":"first","9":"instock","10":"product-type-external"},"acf":[],"_links":{"self":[{"href":"https:\/\/www.agricamper.com\/fr\/wp-json\/wp\/v2\/product\/1204","targetHints":{"allow":["GET"]}}],"collection":[{"href":"https:\/\/www.agricamper.com\/fr\/wp-json\/wp\/v2\/product"}],"about":[{"href":"https:\/\/www.agricamper.com\/fr\/wp-json\/wp\/v2\/types\/product"}],"wp:featuredmedia":[{"embeddable":true,"href":"https:\/\/www.agricamper.com\/fr\/wp-json\/wp\/v2\/media\/788"}],"wp:attachment":[{"href":"https:\/\/www.agricamper.com\/fr\/wp-json\/wp\/v2\/media?parent=1204"}],"wp:term":[{"taxonomy":"product_brand","embeddable":true,"href":"https:\/\/www.agricamper.com\/fr\/wp-json\/wp\/v2\/product_brand?post=1204"},{"taxonomy":"product_cat","embeddable":true,"href":"https:\/\/www.agricamper.com\/fr\/wp-json\/wp\/v2\/product_cat?post=1204"},{"taxonomy":"product_tag","embeddable":true,"href":"https:\/\/www.agricamper.com\/fr\/wp-json\/wp\/v2\/product_tag?post=1204"}],"curies":[{"name":"wp","href":"https:\/\/api.w.org\/{rel}","templated":true}]}}

Landvergnügen – Guide des étapes en camping-car en Allemagne, Autriche, Suisse

<p>&nbsp;</p>
<ul>
<li>Accès à plus de 2 100 adresses à la campagne et plus de 4 900 étapes à la ferme en Allemagne, Autriche et Suisse.</li>
<li>Conçu pour camping-cars, vans aménagés, caravanes autonomes et tentes de toit en quête de haltes authentiques à la campagne.</li>
</ul>

<p>&nbsp; Accès à plus de 2 100 adresses à la campagne et plus de 4 900 étapes à la ferme en Allemagne, Autriche et Suisse. Conçu pour camping-cars, vans aménagés, caravanes autonomes et tentes de toit en quête de haltes authentiques à la campagne.</p>
