{"id":879,"date":"2026-02-23T16:46:47","date_gmt":"2026-02-23T15:46:47","guid":{"rendered":"https:\/\/www.agricamper.com\/le-voyage-autrement\/"},"modified":"2026-04-29T14:11:10","modified_gmt":"2026-04-29T12:11:10","slug":"voyager-autrement","status":"publish","type":"page","link":"https:\/\/www.agricamper.com\/fr\/voyager-autrement\/","title":{"rendered":"Voyager autrement"},"content":{"rendered":"<div class='breakdance'><section class=\"bde-section-879-109 bde-section bde-preset-880dfed4-3873-4d47-944e-9165c4d43470\">\n  \n  \n\t\n\n\n\n<div class=\"section-container\"><div class=\"bde-columns-879-110 bde-columns bde-preset-e46cef46-c7a3-4c82-9484-24796e59893b\"><div class=\"bde-column-879-111 bde-column\" data-entrance=\"slideLeft\">\n  \n  \n\t\n\n\n\n<img decoding=\"async\" class=\"bde-image2-879-112 bde-image2\" src=\"https:\/\/www.agricamper.com\/wp-content\/uploads\/2026\/04\/agricamper-camper-caravan-01.jpg\" alt=\"D\u00e9couvrez l\u2019Italie de mani\u00e8re authentique\" loading=\"lazy\" srcset=\"https:\/\/www.agricamper.com\/wp-content\/uploads\/2026\/04\/agricamper-camper-caravan-01.jpg 934w, https:\/\/www.agricamper.com\/wp-content\/uploads\/2026\/04\/agricamper-camper-caravan-01-300x257.jpg 300w, https:\/\/www.agricamper.com\/wp-content\/uploads\/2026\/04\/agricamper-camper-caravan-01-768x658.jpg 768w, https:\/\/www.agricamper.com\/wp-content\/uploads\/2026\/04\/agricamper-camper-caravan-01-600x514.jpg 600w\" sizes=\"(max-width: 934px) 100vw, 934px\">\n<\/div><div class=\"bde-column-879-113 bde-column bde-preset-9e84af6e-29b2-4f14-8372-1d5c2ead57cc\" data-entrance=\"slideRight\">\n  \n  \n\t\n\n\n\n<h2 class=\"bde-heading-879-114 bde-heading\">\nD\u00e9couvrez l\u2019Italie de mani\u00e8re authentique\n<\/h2><div class=\"bde-rich-text-879-115 bde-rich-text breakdance-rich-text-styles\">\n<p>Voyagez avec votre camping-car, fourgon am\u00e9nag\u00e9 ou caravane autonome et explorez l\u2019Italie autrement.<\/p><p>Avec Agricamper Italia, vous s\u00e9journez dans des lieux calmes et naturels comme des fermes, des vignobles ou des propri\u00e9t\u00e9s rurales, au plus pr\u00e8s des paysages et de la culture locale.<\/p>\n<\/div>\n<\/div><\/div><\/div>\n<\/section><section class=\"bde-section-879-116 bde-section bde-preset-880dfed4-3873-4d47-944e-9165c4d43470\">\n  \n  \n\t\n\n\n\n<div class=\"section-container\"><div class=\"bde-columns-879-117 bde-columns\"><div class=\"bde-column-879-118 bde-column bde-preset-9e84af6e-29b2-4f14-8372-1d5c2ead57cc\" data-entrance=\"slideLeft\">\n  \n  \n\t\n\n\n\n<h2 class=\"bde-heading-879-119 bde-heading\">\nUne \u00e9tape diff\u00e9rente\n<\/h2><div class=\"bde-rich-text-879-120 bde-rich-text breakdance-rich-text-styles\">\n<p>Ici, une \u00e9tape est bien plus qu\u2019un simple endroit o\u00f9 passer la nuit.<br \/>Vous \u00eates accueilli sur des terrains priv\u00e9s par des agriculteurs et producteurs locaux, dans un cadre paisible et spacieux.<br \/>Une fa\u00e7on plus humaine et d\u00e9tendue de voyager, en lien direct avec la nature.<\/p>\n<\/div>\n<\/div><div class=\"bde-column-879-121 bde-column\" data-entrance=\"slideRight\">\n  \n  \n\t\n\n\n\n<img decoding=\"async\" class=\"bde-image2-879-122 bde-image2\" src=\"https:\/\/www.agricamper.com\/wp-content\/uploads\/2026\/04\/agricamper-camper-caravan-03.jpg\" alt=\"Une \u00e9tape diff\u00e9rente\" loading=\"lazy\" srcset=\"https:\/\/www.agricamper.com\/wp-content\/uploads\/2026\/04\/agricamper-camper-caravan-03.jpg 1072w, https:\/\/www.agricamper.com\/wp-content\/uploads\/2026\/04\/agricamper-camper-caravan-03-300x224.jpg 300w, https:\/\/www.agricamper.com\/wp-content\/uploads\/2026\/04\/agricamper-camper-caravan-03-1024x764.jpg 1024w, https:\/\/www.agricamper.com\/wp-content\/uploads\/2026\/04\/agricamper-camper-caravan-03-768x573.jpg 768w, https:\/\/www.agricamper.com\/wp-content\/uploads\/2026\/04\/agricamper-camper-caravan-03-600x448.jpg 600w\" sizes=\"(max-width: 1072px) 100vw, 1072px\">\n<\/div><\/div><\/div>\n<\/section><section class=\"bde-section-879-123 bde-section bde-preset-880dfed4-3873-4d47-944e-9165c4d43470\">\n  \n  \n\t\n\n\n\n<div class=\"section-container\"><div class=\"bde-columns-879-124 bde-columns bde-preset-e46cef46-c7a3-4c82-9484-24796e59893b\"><div class=\"bde-column-879-125 bde-column\" data-entrance=\"slideLeft\">\n  \n  \n\t\n\n\n\n<img decoding=\"async\" class=\"bde-image2-879-126 bde-image2\" src=\"https:\/\/www.agricamper.com\/wp-content\/uploads\/2026\/04\/agricamper-camper-caravan-02-1.webp\" alt=\"Plus qu\u2019un simple h\u00e9bergement\" loading=\"lazy\" srcset=\"https:\/\/www.agricamper.com\/wp-content\/uploads\/2026\/04\/agricamper-camper-caravan-02-1.webp 400w, https:\/\/www.agricamper.com\/wp-content\/uploads\/2026\/04\/agricamper-camper-caravan-02-1-300x300.webp 300w, https:\/\/www.agricamper.com\/wp-content\/uploads\/2026\/04\/agricamper-camper-caravan-02-1-150x150.webp 150w\" sizes=\"(max-width: 400px) 100vw, 400px\">\n<\/div><div class=\"bde-column-879-127 bde-column\" data-entrance=\"slideRight\">\n  \n  \n\t\n\n\n\n<h2 class=\"bde-heading-879-128 bde-heading\">\nPlus qu\u2019un simple h\u00e9bergement\n<\/h2><div class=\"bde-rich-text-879-129 bde-rich-text breakdance-rich-text-styles\">\nChaque \u00e9tape fait partie du voyage.\nVous rencontrez l\u2019h\u00f4te, d\u00e9couvrez son activit\u00e9 et pouvez, si vous le souhaitez, acheter des produits ou exp\u00e9riences locales : vin, fromage, sp\u00e9cialit\u00e9s r\u00e9gionales.\nUne mani\u00e8re simple et authentique de d\u00e9couvrir l\u2019Italie tout en soutenant les producteurs.\n<\/div>\n<\/div><\/div><\/div>\n<\/section><section class=\"bde-section-879-130 bde-section bde-preset-880dfed4-3873-4d47-944e-9165c4d43470\">\n  \n  \n\t\n\n\n\n<div class=\"section-container\"><div class=\"bde-columns-879-131 bde-columns\"><div class=\"bde-column-879-132 bde-column bde-preset-9e84af6e-29b2-4f14-8372-1d5c2ead57cc\" data-entrance=\"slideLeft\">\n  \n  \n\t\n\n\n\n<h2 class=\"bde-heading-879-133 bde-heading\">\nSimple, flexible, rassurant\n<\/h2><div class=\"bde-rich-text-879-134 bde-rich-text breakdance-rich-text-styles\">\n<p>Vous voyagez \u00e0 votre rythme \u00e0 travers un r\u00e9seau de centaines de lieux partout en Italie.<br \/>Vous envoyez vos demandes via l\u2019application et recevez une confirmation de l\u2019h\u00f4te, pour voyager en toute tranquillit\u00e9.<br \/>Avec un seul abonnement (39,90 \u20ac\/an), vous acc\u00e9dez \u00e0 des lieux uniques.<\/p>\n<\/div>\n<\/div><div class=\"bde-column-879-135 bde-column\" data-entrance=\"slideRight\">\n  \n  \n\t\n\n\n\n<img decoding=\"async\" class=\"bde-image2-879-136 bde-image2\" src=\"https:\/\/www.agricamper.com\/wp-content\/uploads\/2026\/04\/agricamper-camper-caravan-04.jpg\" alt=\"Simple, flexible, rassurant\" loading=\"lazy\" srcset=\"https:\/\/www.agricamper.com\/wp-content\/uploads\/2026\/04\/agricamper-camper-caravan-04.jpg 1200w, https:\/\/www.agricamper.com\/wp-content\/uploads\/2026\/04\/agricamper-camper-caravan-04-300x200.jpg 300w, https:\/\/www.agricamper.com\/wp-content\/uploads\/2026\/04\/agricamper-camper-caravan-04-1024x683.jpg 1024w, https:\/\/www.agricamper.com\/wp-content\/uploads\/2026\/04\/agricamper-camper-caravan-04-768x512.jpg 768w, https:\/\/www.agricamper.com\/wp-content\/uploads\/2026\/04\/agricamper-camper-caravan-04-600x400.jpg 600w\" sizes=\"(max-width: 1200px) 100vw, 1200px\">\n<\/div><\/div><\/div>\n<\/section><\/div>","protected":false},"excerpt":{"rendered":"<p>D\u00e9couvrez l\u2019Italie de mani\u00e8re authentique Voyagez avec votre camping-car, fourgon am\u00e9nag\u00e9 ou caravane autonome et explorez l\u2019Italie autrement.Avec Agricamper Italia, vous s\u00e9journez dans des lieux calmes et naturels comme des fermes, des vignobles ou des propri\u00e9t\u00e9s rurales, au plus pr\u00e8s des paysages et de la culture locale. Une \u00e9tape diff\u00e9rente Ici, une \u00e9tape est bien [&hellip;]<\/p>\n","protected":false},"author":1,"featured_media":0,"parent":0,"menu_order":0,"comment_status":"closed","ping_status":"closed","template":"","meta":{"_acf_changed":false,"_breakdance_hide_in_design_set":false,"_breakdance_tags":"","footnotes":""},"class_list":["post-879","page","type-page","status-publish","hentry"],"acf":[],"_links":{"self":[{"href":"https:\/\/www.agricamper.com\/fr\/wp-json\/wp\/v2\/pages\/879","targetHints":{"allow":["GET"]}}],"collection":[{"href":"https:\/\/www.agricamper.com\/fr\/wp-json\/wp\/v2\/pages"}],"about":[{"href":"https:\/\/www.agricamper.com\/fr\/wp-json\/wp\/v2\/types\/page"}],"author":[{"embeddable":true,"href":"https:\/\/www.agricamper.com\/fr\/wp-json\/wp\/v2\/users\/1"}],"replies":[{"embeddable":true,"href":"https:\/\/www.agricamper.com\/fr\/wp-json\/wp\/v2\/comments?post=879"}],"version-history":[{"count":13,"href":"https:\/\/www.agricamper.com\/fr\/wp-json\/wp\/v2\/pages\/879\/revisions"}],"predecessor-version":[{"id":280381,"href":"https:\/\/www.agricamper.com\/fr\/wp-json\/wp\/v2\/pages\/879\/revisions\/280381"}],"wp:attachment":[{"href":"https:\/\/www.agricamper.com\/fr\/wp-json\/wp\/v2\/media?parent=879"}],"curies":[{"name":"wp","href":"https:\/\/api.w.org\/{rel}","templated":true}]}}

<div class='breakdance'><section class="bde-section-879-109 bde-section bde-preset-880dfed4-3873-4d47-944e-9165c4d43470">
  
  
	



<div class="section-container"><div class="bde-columns-879-110 bde-columns bde-preset-e46cef46-c7a3-4c82-9484-24796e59893b"><div class="bde-column-879-111 bde-column" data-entrance="slideLeft">
  
  
	



<img decoding="async" class="bde-image2-879-112 bde-image2" src="https://www.agricamper.com/wp-content/uploads/2026/04/agricamper-camper-caravan-01.jpg" alt="Découvrez l’Italie de manière authentique" loading="lazy" srcset="https://www.agricamper.com/wp-content/uploads/2026/04/agricamper-camper-caravan-01.jpg 934w, https://www.agricamper.com/wp-content/uploads/2026/04/agricamper-camper-caravan-01-300x257.jpg 300w, https://www.agricamper.com/wp-content/uploads/2026/04/agricamper-camper-caravan-01-768x658.jpg 768w, https://www.agricamper.com/wp-content/uploads/2026/04/agricamper-camper-caravan-01-600x514.jpg 600w" sizes="(max-width: 934px) 100vw, 934px">
</div><div class="bde-column-879-113 bde-column bde-preset-9e84af6e-29b2-4f14-8372-1d5c2ead57cc" data-entrance="slideRight">
  
  
	



<h2 class="bde-heading-879-114 bde-heading">
Découvrez l’Italie de manière authentique
</h2><div class="bde-rich-text-879-115 bde-rich-text breakdance-rich-text-styles">
<p>Voyagez avec votre camping-car, fourgon aménagé ou caravane autonome et explorez l’Italie autrement.</p><p>Avec Agricamper Italia, vous séjournez dans des lieux calmes et naturels comme des fermes, des vignobles ou des propriétés rurales, au plus près des paysages et de la culture locale.</p>
</div>
</div></div></div>
</section><section class="bde-section-879-116 bde-section bde-preset-880dfed4-3873-4d47-944e-9165c4d43470">
  
  
	



<div class="section-container"><div class="bde-columns-879-117 bde-columns"><div class="bde-column-879-118 bde-column bde-preset-9e84af6e-29b2-4f14-8372-1d5c2ead57cc" data-entrance="slideLeft">
  
  
	



<h2 class="bde-heading-879-119 bde-heading">
Une étape différente
</h2><div class="bde-rich-text-879-120 bde-rich-text breakdance-rich-text-styles">
<p>Ici, une étape est bien plus qu’un simple endroit où passer la nuit.<br />Vous êtes accueilli sur des terrains privés par des agriculteurs et producteurs locaux, dans un cadre paisible et spacieux.<br />Une façon plus humaine et détendue de voyager, en lien direct avec la nature.</p>
</div>
</div><div class="bde-column-879-121 bde-column" data-entrance="slideRight">
  
  
	



<img decoding="async" class="bde-image2-879-122 bde-image2" src="https://www.agricamper.com/wp-content/uploads/2026/04/agricamper-camper-caravan-03.jpg" alt="Une étape différente" loading="lazy" srcset="https://www.agricamper.com/wp-content/uploads/2026/04/agricamper-camper-caravan-03.jpg 1072w, https://www.agricamper.com/wp-content/uploads/2026/04/agricamper-camper-caravan-03-300x224.jpg 300w, https://www.agricamper.com/wp-content/uploads/2026/04/agricamper-camper-caravan-03-1024x764.jpg 1024w, https://www.agricamper.com/wp-content/uploads/2026/04/agricamper-camper-caravan-03-768x573.jpg 768w, https://www.agricamper.com/wp-content/uploads/2026/04/agricamper-camper-caravan-03-600x448.jpg 600w" sizes="(max-width: 1072px) 100vw, 1072px">
</div></div></div>
</section><section class="bde-section-879-123 bde-section bde-preset-880dfed4-3873-4d47-944e-9165c4d43470">
  
  
	



<div class="section-container"><div class="bde-columns-879-124 bde-columns bde-preset-e46cef46-c7a3-4c82-9484-24796e59893b"><div class="bde-column-879-125 bde-column" data-entrance="slideLeft">
  
  
	



<img decoding="async" class="bde-image2-879-126 bde-image2" src="https://www.agricamper.com/wp-content/uploads/2026/04/agricamper-camper-caravan-02-1.webp" alt="Plus qu’un simple hébergement" loading="lazy" srcset="https://www.agricamper.com/wp-content/uploads/2026/04/agricamper-camper-caravan-02-1.webp 400w, https://www.agricamper.com/wp-content/uploads/2026/04/agricamper-camper-caravan-02-1-300x300.webp 300w, https://www.agricamper.com/wp-content/uploads/2026/04/agricamper-camper-caravan-02-1-150x150.webp 150w" sizes="(max-width: 400px) 100vw, 400px">
</div><div class="bde-column-879-127 bde-column" data-entrance="slideRight">
  
  
	



<h2 class="bde-heading-879-128 bde-heading">
Plus qu’un simple hébergement
</h2><div class="bde-rich-text-879-129 bde-rich-text breakdance-rich-text-styles">
Chaque étape fait partie du voyage.
Vous rencontrez l’hôte, découvrez son activité et pouvez, si vous le souhaitez, acheter des produits ou expériences locales : vin, fromage, spécialités régionales.
Une manière simple et authentique de découvrir l’Italie tout en soutenant les producteurs.
</div>
</div></div></div>
</section><section class="bde-section-879-130 bde-section bde-preset-880dfed4-3873-4d47-944e-9165c4d43470">
  
  
	



<div class="section-container"><div class="bde-columns-879-131 bde-columns"><div class="bde-column-879-132 bde-column bde-preset-9e84af6e-29b2-4f14-8372-1d5c2ead57cc" data-entrance="slideLeft">
  
  
	



<h2 class="bde-heading-879-133 bde-heading">
Simple, flexible, rassurant
</h2><div class="bde-rich-text-879-134 bde-rich-text breakdance-rich-text-styles">
<p>Vous voyagez à votre rythme à travers un réseau de centaines de lieux partout en Italie.<br />Vous envoyez vos demandes via l’application et recevez une confirmation de l’hôte, pour voyager en toute tranquillité.<br />Avec un seul abonnement (39,90 €/an), vous accédez à des lieux uniques.</p>
</div>
</div><div class="bde-column-879-135 bde-column" data-entrance="slideRight">
  
  
	



<img decoding="async" class="bde-image2-879-136 bde-image2" src="https://www.agricamper.com/wp-content/uploads/2026/04/agricamper-camper-caravan-04.jpg" alt="Simple, flexible, rassurant" loading="lazy" srcset="https://www.agricamper.com/wp-content/uploads/2026/04/agricamper-camper-caravan-04.jpg 1200w, https://www.agricamper.com/wp-content/uploads/2026/04/agricamper-camper-caravan-04-300x200.jpg 300w, https://www.agricamper.com/wp-content/uploads/2026/04/agricamper-camper-caravan-04-1024x683.jpg 1024w, https://www.agricamper.com/wp-content/uploads/2026/04/agricamper-camper-caravan-04-768x512.jpg 768w, https://www.agricamper.com/wp-content/uploads/2026/04/agricamper-camper-caravan-04-600x400.jpg 600w" sizes="(max-width: 1200px) 100vw, 1200px">
</div></div></div>
</section></div>

<p>Découvrez l’Italie de manière authentique Voyagez avec votre camping-car, fourgon aménagé ou caravane autonome et explorez l’Italie autrement.Avec Agricamper Italia, vous séjournez dans des lieux calmes et naturels comme des fermes, des vignobles ou des propriétés rurales, au plus près des paysages et de la culture locale. Une étape différente Ici, une étape est bien [&hellip;]</p>
