{"id":35069,"date":"2023-12-11T12:03:55","date_gmt":"2023-12-11T11:03:55","guid":{"rendered":"https:\/\/www.agricamper-italia.com\/?post_type=ht_kb&#038;p=35069"},"modified":"2023-12-15T11:43:03","modified_gmt":"2023-12-15T10:43:03","slug":"les-hotes-sont-ils-ouverts-toute-lannee","status":"publish","type":"ht_kb","link":"https:\/\/www.agricamper.com\/fr\/knowledge-base-fr\/les-hotes-sont-ils-ouverts-toute-lannee\/","title":{"rendered":"Les accueillants sont-ils ouverts toute l&rsquo;ann\u00e9e ?"},"content":{"rendered":"\n<p><strong>La plupart des accueillants<\/strong>, en tant qu&rsquo;activit\u00e9s productives, restent <strong>ouverts tout au long de l&rsquo;ann\u00e9e<\/strong>. Toutefois, certains peuvent \u00eatre ferm\u00e9s pendant des p\u00e9riodes sp\u00e9cifiques, telles que les vendanges ou des f\u00eates particuli\u00e8res.  <\/p>\n\n\n\n<p>Certains accueillants demandent d&rsquo;arriver \u00e0 des <strong>heures pr\u00e9cises de la journ\u00e9e<\/strong> en fonction de leurs contraintes personnelles ou professionnelles (traite des vaches, travaux des champs, etc.).  <\/p>\n\n\n\n<p>Veillez \u00e0 <strong>consulter attentivement les fiches d&rsquo;information des accueillants <\/strong>pour conna\u00eetre les heures d&rsquo;ouverture et les \u00e9ventuelles fermetures.<\/p>\n","protected":false},"excerpt":{"rendered":"<p>La plupart des accueillants, en tant qu&rsquo;activit\u00e9s productives, restent ouverts tout au long de l&rsquo;ann\u00e9e. Toutefois, certains peuvent \u00eatre ferm\u00e9s pendant des p\u00e9riodes sp\u00e9cifiques, telles que les vendanges ou des f\u00eates particuli\u00e8res. Certains accueillants demandent d&rsquo;arriver \u00e0 des heures pr\u00e9cises de la journ\u00e9e en fonction de leurs contraintes personnelles ou professionnelles (traite des vaches, travaux [&hellip;]<\/p>\n","protected":false},"author":6724,"comment_status":"closed","ping_status":"closed","template":"","format":"standard","meta":{"footnotes":""},"ht-kb-category":[590],"ht-kb-tag":[],"class_list":["post-35069","ht_kb","type-ht_kb","status-publish","format-standard","hentry","ht_kb_category-accueillants"],"aioseo_notices":[],"_links":{"self":[{"href":"https:\/\/www.agricamper.com\/fr\/wp-json\/wp\/v2\/ht-kb\/35069","targetHints":{"allow":["GET"]}}],"collection":[{"href":"https:\/\/www.agricamper.com\/fr\/wp-json\/wp\/v2\/ht-kb"}],"about":[{"href":"https:\/\/www.agricamper.com\/fr\/wp-json\/wp\/v2\/types\/ht_kb"}],"author":[{"embeddable":true,"href":"https:\/\/www.agricamper.com\/fr\/wp-json\/wp\/v2\/users\/6724"}],"replies":[{"embeddable":true,"href":"https:\/\/www.agricamper.com\/fr\/wp-json\/wp\/v2\/comments?post=35069"}],"version-history":[{"count":2,"href":"https:\/\/www.agricamper.com\/fr\/wp-json\/wp\/v2\/ht-kb\/35069\/revisions"}],"predecessor-version":[{"id":35714,"href":"https:\/\/www.agricamper.com\/fr\/wp-json\/wp\/v2\/ht-kb\/35069\/revisions\/35714"}],"wp:attachment":[{"href":"https:\/\/www.agricamper.com\/fr\/wp-json\/wp\/v2\/media?parent=35069"}],"wp:term":[{"taxonomy":"ht_kb_category","embeddable":true,"href":"https:\/\/www.agricamper.com\/fr\/wp-json\/wp\/v2\/ht-kb-category?post=35069"},{"taxonomy":"ht_kb_tag","embeddable":true,"href":"https:\/\/www.agricamper.com\/fr\/wp-json\/wp\/v2\/ht-kb-tag?post=35069"}],"curies":[{"name":"wp","href":"https:\/\/api.w.org\/{rel}","templated":true}]}}

Les accueillants sont-ils ouverts toute l&rsquo;année ?

<p><strong>La plupart des accueillants</strong>, en tant qu&rsquo;activités productives, restent <strong>ouverts tout au long de l&rsquo;année</strong>. Toutefois, certains peuvent être fermés pendant des périodes spécifiques, telles que les vendanges ou des fêtes particulières.  </p>



<p>Certains accueillants demandent d&rsquo;arriver à des <strong>heures précises de la journée</strong> en fonction de leurs contraintes personnelles ou professionnelles (traite des vaches, travaux des champs, etc.).  </p>



<p>Veillez à <strong>consulter attentivement les fiches d&rsquo;information des accueillants </strong>pour connaître les heures d&rsquo;ouverture et les éventuelles fermetures.</p>

<p>La plupart des accueillants, en tant qu&rsquo;activités productives, restent ouverts tout au long de l&rsquo;année. Toutefois, certains peuvent être fermés pendant des périodes spécifiques, telles que les vendanges ou des fêtes particulières. Certains accueillants demandent d&rsquo;arriver à des heures précises de la journée en fonction de leurs contraintes personnelles ou professionnelles (traite des vaches, travaux [&hellip;]</p>
