{"id":5224,"date":"2026-04-10T14:14:47","date_gmt":"2026-04-10T14:14:47","guid":{"rendered":"https:\/\/www.agricamper.com\/faq\/comment-modifier-la-plaque-dimmatriculation-du-vehicule\/"},"modified":"2026-04-29T12:56:28","modified_gmt":"2026-04-29T10:56:28","slug":"comment-modifier-la-plaque-dimmatriculation-du-vehicule","status":"publish","type":"faq","link":"https:\/\/www.agricamper.com\/fr\/faq\/comment-modifier-la-plaque-dimmatriculation-du-vehicule\/","title":{"rendered":"Comment modifier la plaque d&rsquo;immatriculation du v\u00e9hicule ?"},"content":{"rendered":"\n<p>Avez-vous chang\u00e9 de v\u00e9hicule, lou\u00e9 un v\u00e9hicule ou fait une erreur lors de la saisie de la plaque d&rsquo;immatriculation lors du check-out ?<\/p>\n\n\n\n<p>Veuillez <strong><a href=\"https:\/\/www.agricamper.com\/fr\/contact\/\">nous contacter par email <\/a><\/strong>en fournissant votre <strong>pr\u00e9nom<\/strong>, <strong>nom de famille<\/strong>, l&rsquo;<strong>email associ\u00e9 \u00e0 votre compte<\/strong> et la <strong>nouvelle plaque d&rsquo;immatriculation du v\u00e9hicule<\/strong>. Nous nous chargerons de la modification.<\/p>\n\n\n\n<p>Pour visualiser votre plaque d&rsquo;immatriculation mise \u00e0 jour,<strong> fermez et rouvrez l&rsquo;application Agricamper ou d\u00e9sinstallez-la et r\u00e9installez-la<\/strong>.<\/p>\n","protected":false},"menu_order":0,"template":"","meta":{"_acf_changed":false,"_breakdance_hide_in_design_set":false,"_breakdance_tags":""},"categorie-faq":[855],"class_list":["post-5224","faq","type-faq","status-publish","hentry","categorie-faq-application-et-compte"],"acf":[],"_links":{"self":[{"href":"https:\/\/www.agricamper.com\/fr\/wp-json\/wp\/v2\/faq\/5224","targetHints":{"allow":["GET"]}}],"collection":[{"href":"https:\/\/www.agricamper.com\/fr\/wp-json\/wp\/v2\/faq"}],"about":[{"href":"https:\/\/www.agricamper.com\/fr\/wp-json\/wp\/v2\/types\/faq"}],"wp:attachment":[{"href":"https:\/\/www.agricamper.com\/fr\/wp-json\/wp\/v2\/media?parent=5224"}],"wp:term":[{"taxonomy":"categorie-faq","embeddable":true,"href":"https:\/\/www.agricamper.com\/fr\/wp-json\/wp\/v2\/categorie-faq?post=5224"}],"curies":[{"name":"wp","href":"https:\/\/api.w.org\/{rel}","templated":true}]}}

Comment modifier la plaque d&rsquo;immatriculation du véhicule ?

<p>Avez-vous changé de véhicule, loué un véhicule ou fait une erreur lors de la saisie de la plaque d&rsquo;immatriculation lors du check-out ?</p>



<p>Veuillez <strong><a href="https://www.agricamper.com/fr/contact/">nous contacter par email </a></strong>en fournissant votre <strong>prénom</strong>, <strong>nom de famille</strong>, l&rsquo;<strong>email associé à votre compte</strong> et la <strong>nouvelle plaque d&rsquo;immatriculation du véhicule</strong>. Nous nous chargerons de la modification.</p>



<p>Pour visualiser votre plaque d&rsquo;immatriculation mise à jour,<strong> fermez et rouvrez l&rsquo;application Agricamper ou désinstallez-la et réinstallez-la</strong>.</p>
