{"id":5151,"date":"2026-04-10T14:14:27","date_gmt":"2026-04-10T14:14:27","guid":{"rendered":"https:\/\/www.agricamper.com\/faq\/puis-je-utiliser-des-systemes-de-nivellement\/"},"modified":"2026-04-23T12:01:07","modified_gmt":"2026-04-23T12:01:07","slug":"puis-je-utiliser-des-cales-de-nivellement","status":"publish","type":"faq","link":"https:\/\/www.agricamper.com\/fr\/faq\/puis-je-utiliser-des-cales-de-nivellement\/","title":{"rendered":"Puis\u2011je utiliser des cales de nivellement&nbsp;?"},"content":{"rendered":"<h2>Utiliser des cales de nivellement chez les accueillants Agricamper<\/h2>\n<p>Oui, <strong>vous \u00eates libre d\u2019utiliser des cales de nivellement<\/strong> pour rendre votre camping\u2011car, fourgon am\u00e9nag\u00e9 ou caravane plus confortable pendant vos \u00e9tapes.<\/p>\n<p>Il est toutefois essentiel <strong>de les utiliser avec pr\u00e9caution afin de ne pas endommager le sol, les cultures ou les racines<\/strong> et de respecter en toutes circonstances la propri\u00e9t\u00e9 de l\u2019accueillant.<\/p>\n<h2>Bonnes pratiques pour mettre votre v\u00e9hicule \u00e0 niveau<\/h2>\n<ul>\n<li>Placez vos cales uniquement sur un sol stable et adapt\u00e9 (jamais sur des cultures, dans des massifs fleuris ou directement sur les racines des arbres).<\/li>\n<li>\u00c9vitez d\u2019utiliser des rampes m\u00e9talliques tr\u00e8s tranchantes ou tr\u00e8s lourdes sur un sol meuble ou d\u00e9tremp\u00e9, car elles peuvent creuser des trous profonds.<\/li>\n<li>Suivez toujours les indications de l\u2019accueillant concernant l\u2019emplacement de stationnement et l\u2019orientation de votre v\u00e9hicule.<\/li>\n<\/ul>\n<p>Un nivellement correct de votre v\u00e9hicule vous permettra de profiter d\u2019une \u00e9tape plus confortable, sans causer de d\u00e9sagr\u00e9ments ni de d\u00e9g\u00e2ts \u00e0 votre accueillant.<\/p>\n","protected":false},"menu_order":0,"template":"","meta":{"_acf_changed":false,"_breakdance_hide_in_design_set":false,"_breakdance_tags":""},"categorie-faq":[856],"class_list":["post-5151","faq","type-faq","status-publish","hentry","categorie-faq-vehicules"],"acf":[],"_links":{"self":[{"href":"https:\/\/www.agricamper.com\/fr\/wp-json\/wp\/v2\/faq\/5151","targetHints":{"allow":["GET"]}}],"collection":[{"href":"https:\/\/www.agricamper.com\/fr\/wp-json\/wp\/v2\/faq"}],"about":[{"href":"https:\/\/www.agricamper.com\/fr\/wp-json\/wp\/v2\/types\/faq"}],"wp:attachment":[{"href":"https:\/\/www.agricamper.com\/fr\/wp-json\/wp\/v2\/media?parent=5151"}],"wp:term":[{"taxonomy":"categorie-faq","embeddable":true,"href":"https:\/\/www.agricamper.com\/fr\/wp-json\/wp\/v2\/categorie-faq?post=5151"}],"curies":[{"name":"wp","href":"https:\/\/api.w.org\/{rel}","templated":true}]}}

<h2>Utiliser des cales de nivellement chez les accueillants Agricamper</h2>
<p>Oui, <strong>vous êtes libre d’utiliser des cales de nivellement</strong> pour rendre votre camping‑car, fourgon aménagé ou caravane plus confortable pendant vos étapes.</p>
<p>Il est toutefois essentiel <strong>de les utiliser avec précaution afin de ne pas endommager le sol, les cultures ou les racines</strong> et de respecter en toutes circonstances la propriété de l’accueillant.</p>
<h2>Bonnes pratiques pour mettre votre véhicule à niveau</h2>
<ul>
<li>Placez vos cales uniquement sur un sol stable et adapté (jamais sur des cultures, dans des massifs fleuris ou directement sur les racines des arbres).</li>
<li>Évitez d’utiliser des rampes métalliques très tranchantes ou très lourdes sur un sol meuble ou détrempé, car elles peuvent creuser des trous profonds.</li>
<li>Suivez toujours les indications de l’accueillant concernant l’emplacement de stationnement et l’orientation de votre véhicule.</li>
</ul>
<p>Un nivellement correct de votre véhicule vous permettra de profiter d’une étape plus confortable, sans causer de désagréments ni de dégâts à votre accueillant.</p>
