{"id":5114,"date":"2026-04-10T14:14:18","date_gmt":"2026-04-10T14:14:18","guid":{"rendered":"https:\/\/www.agricamper.com\/faq\/puis-je-arriver-sans-preavis\/"},"modified":"2026-04-10T14:16:28","modified_gmt":"2026-04-10T14:16:28","slug":"puis-je-arriver-sans-preavis","status":"publish","type":"faq","link":"https:\/\/www.agricamper.com\/fr\/faq\/puis-je-arriver-sans-preavis\/","title":{"rendered":"Puis-je arriver sans pr\u00e9avis ?"},"content":{"rendered":"\n<div class=\"wp-block-columns is-layout-flex wp-container-core-columns-is-layout-9d6595d7 wp-block-columns-is-layout-flex\">\n<div class=\"wp-block-column is-layout-flow wp-block-column-is-layout-flow\" style=\"flex-basis:50%\">\n<figure class=\"wp-block-image size-large is-resized\"><img decoding=\"async\" src=\"http:\/\/www.agricamper.com\/wp-content\/uploads\/2026\/04\/Point-Blur_Apr122023_142827-1-1-576x1024.png\" alt=\"\" class=\"wp-image-22907\" style=\"width:226px;height:auto\"\/><\/figure>\n<\/div>\n\n\n\n<div class=\"wp-block-column is-layout-flow wp-block-column-is-layout-flow\" style=\"flex-basis:66.7%\">\n<p>Il n&rsquo;est pas possible d&rsquo;arriver sans pr\u00e9avis, car il est <strong>n\u00e9cessaire de r\u00e9server l&rsquo;\u00e9tape via l&rsquo;application<\/strong>, en s\u00e9lectionnant la date et l&rsquo;heure d&rsquo;arriv\u00e9e. <\/p>\n\n\n\n<p>Une r\u00e9servation <strong>quelques heures \u00e0 l&rsquo;avance est appr\u00e9ci\u00e9e, et encore mieux si elle est faite la veille<\/strong>, ce qui permet aux accueillants de mieux s&rsquo;organiser pour votre arriv\u00e9e. <\/p>\n\n\n\n<p>Si vous souhaitez <strong>planifier votre voyage<\/strong>, vous pouvez <strong>r\u00e9server vos \u00e9tapes pour les 7 jours cons\u00e9cutifs <\/strong>(par exemple, de samedi \u00e0 samedi).<\/p>\n\n\n\n<p> <strong>N&rsquo;envoyez une demande de r\u00e9servation que si vous \u00eates certain de pouvoir faire \u00e9tape<\/strong>, car l&rsquo;accueillant recevra une notification et vous r\u00e9pondra par email. <\/p>\n\n\n\n<p>Si vos <strong>projets changent<\/strong>, nous vous demandons d&rsquo;<strong>annuler la r\u00e9servation gr\u00e2ce \u00e0 l&rsquo;application le plus t\u00f4t possible<\/strong> : <\/p>\n\n\n\n<ul class=\"wp-block-list\">\n<li><strong>l&rsquo;accueillant est inform\u00e9 et n&rsquo;est pas g\u00ean\u00e9 dans ses activit\u00e9s professionnelles<\/strong>;<\/li>\n\n\n\n<li><strong>un autre membre d&rsquo;Agricamper peut utiliser l&#8217;emplacement<\/strong> \u00e0 votre place.<\/li>\n<\/ul>\n<\/div>\n<\/div>\n","protected":false},"menu_order":0,"template":"","meta":{"_acf_changed":false,"_breakdance_hide_in_design_set":false,"_breakdance_tags":""},"categorie-faq":[787],"class_list":["post-5114","faq","type-faq","status-publish","has-post-thumbnail","hentry","categorie-faq-accueillants-et-etapes-agricamper"],"acf":[],"_links":{"self":[{"href":"https:\/\/www.agricamper.com\/fr\/wp-json\/wp\/v2\/faq\/5114","targetHints":{"allow":["GET"]}}],"collection":[{"href":"https:\/\/www.agricamper.com\/fr\/wp-json\/wp\/v2\/faq"}],"about":[{"href":"https:\/\/www.agricamper.com\/fr\/wp-json\/wp\/v2\/types\/faq"}],"wp:featuredmedia":[{"embeddable":true,"href":"https:\/\/www.agricamper.com\/fr\/wp-json\/wp\/v2\/media\/4964"}],"wp:attachment":[{"href":"https:\/\/www.agricamper.com\/fr\/wp-json\/wp\/v2\/media?parent=5114"}],"wp:term":[{"taxonomy":"categorie-faq","embeddable":true,"href":"https:\/\/www.agricamper.com\/fr\/wp-json\/wp\/v2\/categorie-faq?post=5114"}],"curies":[{"name":"wp","href":"https:\/\/api.w.org\/{rel}","templated":true}]}}

Puis-je arriver sans préavis ?

<div class="wp-block-columns is-layout-flex wp-container-core-columns-is-layout-9d6595d7 wp-block-columns-is-layout-flex">
<div class="wp-block-column is-layout-flow wp-block-column-is-layout-flow" style="flex-basis:50%">
<figure class="wp-block-image size-large is-resized"><img decoding="async" src="http://www.agricamper.com/wp-content/uploads/2026/04/Point-Blur_Apr122023_142827-1-1-576x1024.png" alt="" class="wp-image-22907" style="width:226px;height:auto"/></figure>
</div>



<div class="wp-block-column is-layout-flow wp-block-column-is-layout-flow" style="flex-basis:66.7%">
<p>Il n&rsquo;est pas possible d&rsquo;arriver sans préavis, car il est <strong>nécessaire de réserver l&rsquo;étape via l&rsquo;application</strong>, en sélectionnant la date et l&rsquo;heure d&rsquo;arrivée. </p>



<p>Une réservation <strong>quelques heures à l&rsquo;avance est appréciée, et encore mieux si elle est faite la veille</strong>, ce qui permet aux accueillants de mieux s&rsquo;organiser pour votre arrivée. </p>



<p>Si vous souhaitez <strong>planifier votre voyage</strong>, vous pouvez <strong>réserver vos étapes pour les 7 jours consécutifs </strong>(par exemple, de samedi à samedi).</p>



<p> <strong>N&rsquo;envoyez une demande de réservation que si vous êtes certain de pouvoir faire étape</strong>, car l&rsquo;accueillant recevra une notification et vous répondra par email. </p>



<p>Si vos <strong>projets changent</strong>, nous vous demandons d&rsquo;<strong>annuler la réservation grâce à l&rsquo;application le plus tôt possible</strong> : </p>



<ul class="wp-block-list">
<li><strong>l&rsquo;accueillant est informé et n&rsquo;est pas gêné dans ses activités professionnelles</strong>;</li>



<li><strong>un autre membre d&rsquo;Agricamper peut utiliser l&#8217;emplacement</strong> à votre place.</li>
</ul>
</div>
</div>
