{"id":5102,"date":"2026-04-10T14:14:13","date_gmt":"2026-04-10T14:14:13","guid":{"rendered":"https:\/\/www.agricamper.com\/faq\/les-hotes-sont-ils-equipes-pour-accueillir-des-personnes-a-mobilite-reduite\/"},"modified":"2026-04-10T14:16:24","modified_gmt":"2026-04-10T14:16:24","slug":"les-hotes-sont-ils-equipes-pour-accueillir-des-personnes-a-mobilite-reduite","status":"publish","type":"faq","link":"https:\/\/www.agricamper.com\/fr\/faq\/les-hotes-sont-ils-equipes-pour-accueillir-des-personnes-a-mobilite-reduite\/","title":{"rendered":"Les accueillants sont-ils \u00e9quip\u00e9s pour les personnes \u00e0 mobilit\u00e9 r\u00e9duite ?"},"content":{"rendered":"\n<p>Les h\u00f4tes \u00e9quip\u00e9s pour accueillir les personnes \u00e0 mobilit\u00e9 r\u00e9duite peuvent \u00eatre consult\u00e9s en allant sur <strong>Profil <\/strong>> <strong>Param\u00e8tres<\/strong> et en s\u00e9lectionnant <strong>\u00ab\u00a0Acc\u00e8s pour les personnes \u00e0 mobilit\u00e9 r\u00e9duite<\/strong>\u00ab\u00a0. La carte sera mise \u00e0 jour pour <strong>n&rsquo;afficher que ces accueillants sp\u00e9cifiques<\/strong>.  <\/p>\n\n\n\n<p>En outre, dans l&rsquo;onglet \u00ab\u00a0Info\u00a0\u00bb sur l&rsquo;accueillant, vous trouverez une <strong>ic\u00f4ne indiquant l&rsquo;accessibilit\u00e9 pour les personnes \u00e0 mobilit\u00e9 r\u00e9duite<\/strong> parmi les d\u00e9tails cl\u00e9s.<\/p>\n","protected":false},"menu_order":0,"template":"","meta":{"_acf_changed":false,"_breakdance_hide_in_design_set":false,"_breakdance_tags":""},"categorie-faq":[787],"class_list":["post-5102","faq","type-faq","status-publish","hentry","categorie-faq-accueillants-et-etapes-agricamper"],"acf":[],"_links":{"self":[{"href":"https:\/\/www.agricamper.com\/fr\/wp-json\/wp\/v2\/faq\/5102","targetHints":{"allow":["GET"]}}],"collection":[{"href":"https:\/\/www.agricamper.com\/fr\/wp-json\/wp\/v2\/faq"}],"about":[{"href":"https:\/\/www.agricamper.com\/fr\/wp-json\/wp\/v2\/types\/faq"}],"wp:attachment":[{"href":"https:\/\/www.agricamper.com\/fr\/wp-json\/wp\/v2\/media?parent=5102"}],"wp:term":[{"taxonomy":"categorie-faq","embeddable":true,"href":"https:\/\/www.agricamper.com\/fr\/wp-json\/wp\/v2\/categorie-faq?post=5102"}],"curies":[{"name":"wp","href":"https:\/\/api.w.org\/{rel}","templated":true}]}}

Les accueillants sont-ils équipés pour les personnes à mobilité réduite ?

<p>Les hôtes équipés pour accueillir les personnes à mobilité réduite peuvent être consultés en allant sur <strong>Profil </strong>> <strong>Paramètres</strong> et en sélectionnant <strong>« Accès pour les personnes à mobilité réduite</strong>« . La carte sera mise à jour pour <strong>n&rsquo;afficher que ces accueillants spécifiques</strong>.  </p>



<p>En outre, dans l&rsquo;onglet « Info » sur l&rsquo;accueillant, vous trouverez une <strong>icône indiquant l&rsquo;accessibilité pour les personnes à mobilité réduite</strong> parmi les détails clés.</p>
