{"id":5103,"date":"2026-04-10T14:14:13","date_gmt":"2026-04-10T14:14:13","guid":{"rendered":"https:\/\/www.agricamper.com\/faq\/sind-die-gastgeber-auf-personen-mit-eingeschraenkter-mobilitaet-eingestellt\/"},"modified":"2026-04-10T14:16:24","modified_gmt":"2026-04-10T14:16:24","slug":"sind-die-gastgeber-auf-personen-mit-eingeschraenkter-mobilitaet-eingestellt","status":"publish","type":"faq","link":"https:\/\/www.agricamper.com\/de\/faq\/sind-die-gastgeber-auf-personen-mit-eingeschraenkter-mobilitaet-eingestellt\/","title":{"rendered":"Sind die Gastgeber auf Personen mit eingeschr\u00e4nkter Mobilit\u00e4t eingestellt?"},"content":{"rendered":"\n<p>Die Hosts, die f\u00fcr Personen mit eingeschr\u00e4nkter Mobilit\u00e4t entwickelt wurden, k\u00f6nnen \u00fcber das <strong>Profil <\/strong>&gt; <strong>Einstellungen<\/strong> und die Auswahl<strong>&#8222;Zugang f\u00fcr Personen mit eingeschr\u00e4nkter Mobilit\u00e4t<\/strong>&#8220; eingesehen werden. Die Karte wird so aktualisiert, dass <strong>nur diese speziellen Hosts angezeigt werden<\/strong>.  <\/p>\n\n<p>Au\u00dferdem finden Sie auf der Registerkarte &#8222;Gastgeberinformationen&#8220; unter den wichtigsten Informationen ein <strong>Symbol, das auf die Zug\u00e4nglichkeit f\u00fcr Personen mit eingeschr\u00e4nkter Mobilit\u00e4t hinweist<\/strong>.<\/p>\n","protected":false},"menu_order":0,"template":"","meta":{"_acf_changed":false,"_breakdance_hide_in_design_set":false,"_breakdance_tags":""},"categorie-faq":[788],"class_list":["post-5103","faq","type-faq","status-publish","hentry","categorie-faq-gastgeber-und-stellplaetze"],"acf":[],"_links":{"self":[{"href":"https:\/\/www.agricamper.com\/de\/wp-json\/wp\/v2\/faq\/5103","targetHints":{"allow":["GET"]}}],"collection":[{"href":"https:\/\/www.agricamper.com\/de\/wp-json\/wp\/v2\/faq"}],"about":[{"href":"https:\/\/www.agricamper.com\/de\/wp-json\/wp\/v2\/types\/faq"}],"wp:attachment":[{"href":"https:\/\/www.agricamper.com\/de\/wp-json\/wp\/v2\/media?parent=5103"}],"wp:term":[{"taxonomy":"categorie-faq","embeddable":true,"href":"https:\/\/www.agricamper.com\/de\/wp-json\/wp\/v2\/categorie-faq?post=5103"}],"curies":[{"name":"wp","href":"https:\/\/api.w.org\/{rel}","templated":true}]}}

Sind die Gastgeber auf Personen mit eingeschränkter Mobilität eingestellt?

<p>Die Hosts, die für Personen mit eingeschränkter Mobilität entwickelt wurden, können über das <strong>Profil </strong>&gt; <strong>Einstellungen</strong> und die Auswahl<strong>&#8222;Zugang für Personen mit eingeschränkter Mobilität</strong>&#8220; eingesehen werden. Die Karte wird so aktualisiert, dass <strong>nur diese speziellen Hosts angezeigt werden</strong>.  </p>

<p>Außerdem finden Sie auf der Registerkarte &#8222;Gastgeberinformationen&#8220; unter den wichtigsten Informationen ein <strong>Symbol, das auf die Zugänglichkeit für Personen mit eingeschränkter Mobilität hinweist</strong>.</p>
